{"id":6398,"date":"2026-01-13T16:11:22","date_gmt":"2026-01-13T15:11:22","guid":{"rendered":"https:\/\/mairieyaounde2.cm\/?page_id=6398"},"modified":"2026-01-13T16:13:12","modified_gmt":"2026-01-13T15:13:12","slug":"urbanisme","status":"publish","type":"page","link":"https:\/\/mairieyaounde2.cm\/?page_id=6398","title":{"rendered":"Urbanisme"},"content":{"rendered":"\t\t<div data-elementor-type=\"wp-page\" data-elementor-id=\"6398\" class=\"elementor elementor-6398\">\n\t\t\t\t\t\t<section class=\"elementor-section elementor-top-section elementor-element elementor-element-feeccb7 elementor-section-boxed elementor-section-height-default elementor-section-height-default\" data-id=\"feeccb7\" data-element_type=\"section\" data-settings=\"{&quot;background_background&quot;:&quot;classic&quot;}\">\n\t\t\t\t\t\t<div class=\"elementor-container elementor-column-gap-default\">\n\t\t\t\t\t<div class=\"elementor-column elementor-col-50 elementor-top-column elementor-element elementor-element-7ad3716\" data-id=\"7ad3716\" data-element_type=\"column\">\n\t\t\t<div class=\"elementor-widget-wrap elementor-element-populated\">\n\t\t\t\t\t\t<div class=\"elementor-element elementor-element-f53e959 elementor-widget elementor-widget-heading\" data-id=\"f53e959\" data-element_type=\"widget\" data-widget_type=\"heading.default\">\n\t\t\t\t\t<h2 class=\"elementor-heading-title elementor-size-default\">Principes et Gouvernance de l'Am\u00e9nagement Urbain<\/h2>\t\t\t\t<\/div>\n\t\t\t\t<div class=\"elementor-element elementor-element-9d29f82 elementor-widget elementor-widget-text-editor\" data-id=\"9d29f82\" data-element_type=\"widget\" data-widget_type=\"text-editor.default\">\n\t\t\t\t\t\t\t\t\t<p>L\u2019urbanisme est \u00e0 la fois un champ disciplinaire et professionnel couvrant l\u2019organisation de la ville et de ses territoires. Selon l\u2019article 3 de la loi no 2004\/003 du 21 Avril 2004 r\u00e9gissant l\u2019urbanisme au Cameroun, l\u2019urbanisme est l\u2019ensemble des mesures l\u00e9gislatives, r\u00e8glementaires, administratives, techniques, \u00e9conomiques, sociales et culturelles visant le d\u00e9veloppement harmonieux et coh\u00e9rent des \u00e9tablissements humains, en favorisant l\u2019utilisation rationnelle des sols, leur mise en valeur et l\u2019am\u00e9lioration du cadre de vie, ainsi que le d\u00e9veloppement \u00e9conomique et social.<\/p><p>Les pratiques et techniques de l\u2019urbanisme d\u00e9coulent donc de la mise en \u0153uvre des politiques urbaines. Elles regroupent la planification urbaine et la gestion de la cit\u00e9 en vue d\u2019une meilleure harmonie des usages et du bien-\u00eatre des utilisateurs. L\u2019urbanisme peut \u00eatre exerc\u00e9 par de nombreuses cat\u00e9gories professionnelles selon le domaine d\u2019\u00e9tude : urbanistes, architectes, am\u00e9nageurs, g\u00e9ographes, juristes, \u00e9conomistes, sociologues, paysagistes, ing\u00e9nieurs, environnementalistes, arch\u00e9ologues ou encore des historiens intervenant le plus souvent en \u00e9quipes pluridisciplinaires. Il convient de distinguer deux types d\u2019urbanisme :<\/p><p>L\u2019urbanisme op\u00e9rationnel consiste en un ensemble d\u2019op\u00e9rations d\u2019\u00e9quipement ou de construction, d\u2019initiatives publiques ou priv\u00e9es, r\u00e9alis\u00e9es en application d\u2019un plan d\u2019urbanisme.<br \/>L\u2019urbanisme r\u00e9glementaire ou de planification consiste \u00e0 cr\u00e9er des documents d\u2019urbanisme d\u00e9finissant les r\u00e8gles \u00e0 respecter au sein d\u2019un territoire. C\u2019est donc l\u2019ensemble des dispositions de droit public ayant pour objet de d\u00e9terminer les conditions de l\u2019utilisation et de l\u2019occupation des sols. C\u2019est ce qui permet de mieux organiser, contr\u00f4ler des initiatives priv\u00e9es en mati\u00e8re d\u2019urbanisme.<\/p><p>\u00a0 \u00a0Sur le plan normatif, le syst\u00e8me camerounais de l\u2019\u00c9tat civil\u00a0 est r\u00e9gi par un cadre juridique \u00e9volutif destin\u00e9 \u00e0 harmoniser les pratiques\u00a0 sur l&#8217;ensemble du territoire national\u00a0 \u00a0 et \u00e0 pr\u00e9venir les situations d&#8217;apatridie .\u00c0 cet \u00e9gard, l\u2019ordonnance n\u00b0 81\/02 du 29 juin 1981 reform\u00e9e par la loi de 2011 relative\u00a0 \u00e0 l&#8217;Etat civile constitue le socle juridique de la \u00a0modernisation l\u2019enregistrement des faits d&#8217;\u00e9tat civil. Si cette r\u00e9forme a permis de clarifier les comp\u00e9tences des acteurs et de simplifier les proc\u00e9dures d\u00e9claratives, son effectivit\u00e9 demeure conditionn\u00e9e \u00e0 une large diffusion et \u00e0 une appropriation effective des textes l\u00e9gislatifs par les usagers et les agents publics garantissant ainsi une application uniforme et efficace de la loi au niveau local.<br \/>\u00a0 \u00a0\u00a0\u00a0\u00a0Au c\u0153ur de ce dispositif, la Commune de Yaound\u00e9 II, en sa qualit\u00e9 de collectivit\u00e9 territoriale d\u00e9centralis\u00e9e, exerce une comp\u00e9tence essentielle de proximit\u00e9 en mati\u00e8re, Etat civil. Le Maire, investi des fonctions d&#8221;Officier d&#8217;\u00e9tat civil, est juridiquement responsable de la r\u00e9gularit\u00e9 et la, l\u2019\u00e9galit\u00e9 des actes\u00a0 \u00e9tablis ; \u00c0 ce titre il lui incombe, de veiller \u00e0 l&#8217;exactitude mat\u00e9rielle des mentons port\u00e9es sur les registres, toutes erre resetant susceptible de produire des effets juridiques durables sur les situations des administr\u00e9s. L&#8217;action communale en mati\u00e8re d&#8217;Etat civil s&#8217;organise autour de trois axes fondamentaux : l\u2019accueil et l&#8217;orientation des usagers pour l\u2019enregistrement des faits, l\u2019instruction rigoureuse des dossiers pour l\u2019authentification des actes, et enfin, la veille s\u00e9curitaire par la tenue des registres en double exemplaire. Cette organisation\u00a0 \u00a0de proximit\u00e9 garantie\u00a0 non seulement la p\u00e9rennit\u00e9 de l&#8217;information, mais prot\u00e8ge \u00e9galement l&#8217;identit\u00e9 juridique de chaque r\u00e9sident de l&#8217;arrondissement.<\/p>\t\t\t\t\t\t\t\t<\/div>\n\t\t\t\t\t<\/div>\n\t\t<\/div>\n\t\t\t\t<div class=\"elementor-column elementor-col-50 elementor-top-column elementor-element elementor-element-c706412\" data-id=\"c706412\" data-element_type=\"column\">\n\t\t\t<div class=\"elementor-widget-wrap elementor-element-populated\">\n\t\t\t\t\t\t<div class=\"elementor-element elementor-element-7e3f4d6 elementor-widget elementor-widget-image\" data-id=\"7e3f4d6\" data-element_type=\"widget\" data-widget_type=\"image.default\">\n\t\t\t\t\t\t\t\t\t\t\t\t\t\t\t<img fetchpriority=\"high\" decoding=\"async\" width=\"873\" height=\"591\" src=\"https:\/\/mairieyaounde2.cm\/wp-content\/uploads\/2025\/09\/Yoko.png\" class=\"attachment-large size-large wp-image-6074\" alt=\"\" srcset=\"https:\/\/mairieyaounde2.cm\/wp-content\/uploads\/2025\/09\/Yoko.png 873w, https:\/\/mairieyaounde2.cm\/wp-content\/uploads\/2025\/09\/Yoko-300x203.png 300w, https:\/\/mairieyaounde2.cm\/wp-content\/uploads\/2025\/09\/Yoko-768x520.png 768w, https:\/\/mairieyaounde2.cm\/wp-content\/uploads\/2025\/09\/Yoko-600x406.png 600w, https:\/\/mairieyaounde2.cm\/wp-content\/uploads\/2025\/09\/Yoko-560x379.png 560w\" sizes=\"(max-width: 873px) 100vw, 873px\" \/>\t\t\t\t\t\t\t\t\t\t\t\t\t\t\t<\/div>\n\t\t\t\t<div class=\"elementor-element elementor-element-775c30a elementor-widget elementor-widget-image\" data-id=\"775c30a\" data-element_type=\"widget\" data-widget_type=\"image.default\">\n\t\t\t\t\t\t\t\t\t\t\t\t\t\t\t<img decoding=\"async\" width=\"1024\" height=\"683\" src=\"https:\/\/mairieyaounde2.cm\/wp-content\/uploads\/2026\/01\/Terrain-CAT-Maire-1024x683.jpg\" class=\"attachment-large size-large wp-image-6169\" alt=\"\" srcset=\"https:\/\/mairieyaounde2.cm\/wp-content\/uploads\/2026\/01\/Terrain-CAT-Maire-1024x683.jpg 1024w, https:\/\/mairieyaounde2.cm\/wp-content\/uploads\/2026\/01\/Terrain-CAT-Maire-300x200.jpg 300w, https:\/\/mairieyaounde2.cm\/wp-content\/uploads\/2026\/01\/Terrain-CAT-Maire-768x512.jpg 768w, https:\/\/mairieyaounde2.cm\/wp-content\/uploads\/2026\/01\/Terrain-CAT-Maire-1536x1024.jpg 1536w, https:\/\/mairieyaounde2.cm\/wp-content\/uploads\/2026\/01\/Terrain-CAT-Maire-2048x1365.jpg 2048w, https:\/\/mairieyaounde2.cm\/wp-content\/uploads\/2026\/01\/Terrain-CAT-Maire-600x400.jpg 600w, https:\/\/mairieyaounde2.cm\/wp-content\/uploads\/2026\/01\/Terrain-CAT-Maire-560x373.jpg 560w\" sizes=\"(max-width: 1024px) 100vw, 1024px\" \/>\t\t\t\t\t\t\t\t\t\t\t\t\t\t\t<\/div>\n\t\t\t\t\t<\/div>\n\t\t<\/div>\n\t\t\t\t\t<\/div>\n\t\t<\/section>\n\t\t\t\t<\/div>\n\t\t","protected":false},"excerpt":{"rendered":"<p>Principes et Gouvernance de l&#8217;Am\u00e9nagement Urbain L\u2019urbanisme est \u00e0 la fois un champ disciplinaire et professionnel couvrant l\u2019organisation de la ville et de ses territoires. Selon l\u2019article 3 de la loi no 2004\/003 du 21 Avril 2004 r\u00e9gissant l\u2019urbanisme au Cameroun, l\u2019urbanisme est l\u2019ensemble des mesures l\u00e9gislatives, r\u00e8glementaires, administratives, techniques, \u00e9conomiques, sociales et culturelles visant [&hellip;]<\/p>\n","protected":false},"author":1,"featured_media":6378,"parent":0,"menu_order":1,"comment_status":"closed","ping_status":"closed","template":"elementor_header_footer","meta":{"give_campaign_id":0,"footnotes":""},"class_list":["post-6398","page","type-page","status-publish","has-post-thumbnail","hentry"],"campaignId":"","_links":{"self":[{"href":"https:\/\/mairieyaounde2.cm\/index.php?rest_route=\/wp\/v2\/pages\/6398","targetHints":{"allow":["GET"]}}],"collection":[{"href":"https:\/\/mairieyaounde2.cm\/index.php?rest_route=\/wp\/v2\/pages"}],"about":[{"href":"https:\/\/mairieyaounde2.cm\/index.php?rest_route=\/wp\/v2\/types\/page"}],"author":[{"embeddable":true,"href":"https:\/\/mairieyaounde2.cm\/index.php?rest_route=\/wp\/v2\/users\/1"}],"replies":[{"embeddable":true,"href":"https:\/\/mairieyaounde2.cm\/index.php?rest_route=%2Fwp%2Fv2%2Fcomments&post=6398"}],"version-history":[{"count":3,"href":"https:\/\/mairieyaounde2.cm\/index.php?rest_route=\/wp\/v2\/pages\/6398\/revisions"}],"predecessor-version":[{"id":6475,"href":"https:\/\/mairieyaounde2.cm\/index.php?rest_route=\/wp\/v2\/pages\/6398\/revisions\/6475"}],"wp:featuredmedia":[{"embeddable":true,"href":"https:\/\/mairieyaounde2.cm\/index.php?rest_route=\/wp\/v2\/media\/6378"}],"wp:attachment":[{"href":"https:\/\/mairieyaounde2.cm\/index.php?rest_route=%2Fwp%2Fv2%2Fmedia&parent=6398"}],"curies":[{"name":"wp","href":"https:\/\/api.w.org\/{rel}","templated":true}]}}